23 - -24). Suppose -r = 5*o + 5*v + 25, 0 = o + 2*v + 13. Let z(j) = -j**2 - 3*j + 1. Calculate z(o).
1
Let r be (-11 - 416/(-39)) + (-10)/6. Let f(q) = -3 + 131*q - 124*q + 11. What is f(r)?
-6
Let z(o) be the first derivative of o**4/4 + 4*o**3 + 6*o**2 + 8*o - 4579. Give z(-11).
-3
Let v = 9403 + -9414. Let d(k) = k**2 + 17*k + 20. Calculate d(v).
-46
Let l(k) = -14 - k**3 + 9 + 3*k + 3 - 2*k**2. Suppose 2*a = -6 + 10. Suppose -3*n - 18 = -0*n + 3*o, 0 = n - o + a. What is l(n)?
18
Let d(z) = -22*z**3 + 8*z**2 + 24*z + 5. Let k(w) = -6*w**3 + 3*w**2 + 8*w + 2. Let c(b) = 2*d(b) - 7*k(b). Determine c(-2).
8
Let p = -206 + 212. Let q(c) = 5*c - 19. Let h(g) = -4*g + 17. Let a(d) = p*h(d) + 5*q(d). Calculate a(-8).
-1
Let p(b) = -5*b - 10. Let x(r) = 14*r + 31. Let s(i) = -1. Let f(z) = 2*s(z) + x(z). Let g(w) = -6*f(w) - 17*p(w). Give g(6).
2
Let l be (140 - 4)/(4 - 5). Let y = l + 141. Let n(c) = -3*c - 1. What is n(y)?
-16
Let t = -96 + 83. Let q = 13 + t. Let b(k) = 7*k**3 + 45*k - 44*k + q*k**3 - k**2. Calculate b(1).
7
Let p = 7 + -9. Let l be 81/45 - p/10. Let r(y) = 13 - 7*y - 30 + 19 - 2*y. Give r(l).
-16
Let b(p) = 1 + 0*p**2 + 2110*p + 0 - 2120*p + 0*p**2 - p**2. Let n be b(-10). Let z(v) = 3*v. Determine z(n).
3
Let i(l) be the second derivative of l**5/10 + l**4/2 + 5*l**3/6 + 5*l**2/2 + 766*l. Give i(-4).
-47
Suppose -4*r = -5*q + 42, 3*r + q = 3*q - 42. Let k(u) = 3*u + 42. Give k(r).
-12
Let c be 17 - (6/78 - (-2015)/169). Let x(w) = -w**2 + 8. Give x(c).
-17
Let d(a) be the first derivative of a**3/3 + 14*a**2 + 3*a - 266. What is d(-28)?
3
Let d(i) = 29*i - 18. Let g(b) = 82*b - 52. Let f(m) = 17*d(m) - 6*g(m). Calculate f(10).
16
Let y(q) = -q**3 + 5*q**2 - 3*q. Suppose 0 = -23*n - 191 + 237. Calculate y(n).
6
Let u(i) = 1290*i + 1298*i + 1293*i + 13 - 3875*i. Let z(g) = -g - 6. Let b be z(-3). What is u(b)?
-5
Suppose -4*k - 504 = 55*h - 51*h, -3*k - 247 = 2*h. Let u = h - -127. Let j(q) = q + 4. Let m(c) = c + 5. Let v(i) = 6*j(i) - 5*m(i). What is v(u)?
-5
Let j(b) = b**3 + 4*b**2 + b + 4. Let u = 90 + -76. Suppose 2*t = -4 + u. Suppose 4*x - 5 = 4*s - 29, t*x - 2*s + 24 = 0. Calculate j(x).
0
Suppose i + 3 - 8 = 0. Let a(p) = 2*p**2 - 26*p + 53. Let q be a(2). Let y(l) = 3*l**3 - l**3 - 5 - q*l - 3*l**3 + 2*l + 6*l**2 + 8. What is y(i)?
-7
Let q be (5 + 6 + -8)/(1/4). Let l be 16 - q - (1 + 6). Let b(a) = -4*a**2 - 4*a + 1. Calculate b(l).
-23
Let u(g) be the first derivative of g**2 + 2*g + 15. Let b be u(2). Let j(k) = 11*k - 15*k - 8 + b. What is j(-2)?
6
Let r(u) be the third derivative of u**5/30 - 7*u**4/24 + u**3 - 2*u**2. Suppose 87 = 26*p - 43. Determine r(p).
21
Let k(b) = b**3 + b**2 - 19*b + 16. Let w be (23/4 - 9/12) + -1 + -1. Determine k(w).
-5
Let h(g) = -167*g + 7192. Let d be h(43). Let l(z) = z**2 - 25*z + 168. Determine l(d).
14
Let l(v) = 120*v + 1 - 4 + 142*v - 280*v - 1. Give l(0).
-4
Let b(s) = s**3 + 13*s - 5. Let l(k) = k**3 + k. Let c(u) = -b(u) + 2*l(u). Let o be c(3). Let f(q) = 7*q**3 - q**2 - q - 1. What is f(o)?
-8
Let z be (-470)/(-282)*(-2)/(-10). Let c(q) be the first derivative of -31 - z*q**3 + 1/2*q**2 - 7*q. Calculate c(0).
-7
Let n(c) = 43*c + 134. Let f(o) = 3*o + 1. Let a(r) = 6*f(r) - n(r). Calculate a(-5).
-3
Let d(g) be the first derivative of 0*g + 5/3*g**3 + 0*g**2 + 1/4*g**4 - 8. Give d(-5).
0
Let j(n) = n**3 + 35*n**2 - 32*n + 150. Let m(l) = 377*l + 1472. Let r be m(-4). Calculate j(r).
6
Let k(o) = -15*o - 1. Let f = -291 + 294. Suppose -3*u + 3*h + 15 = 0, 0*h = 5*u + 2*h - 18. Suppose -f*i + u - 7 = 0. Calculate k(i).
14
Suppose -58 + 338 = 143*h - 6. Let p(u) = u**2 + 25*u - 49. Give p(h).
5
Let r(n) = -2*n**3 - 18*n**2 + n + 9. Let w(k) = k**3 - 22*k**2 - 199*k + 19. Let q be w(-7). Calculate r(q).
0
Let s(h) be the third derivative of -h**4/24 + 2*h**3/3 - 2*h**2. Suppose -5*z + 15 = -15. Let d be 66/15 + (-2)/((-20)/z). Calculate s(d).
-1
Let y(h) = -3*h - 7. Let k be y(-3). Let f(g) = 3 - 4*g - 1 + k*g - 3 - 10*g**2. Let r(q) = 40*q - 641. Let w be r(16). Determine f(w).
-9
Let s(v) = v - 15. Let n(p) = 2*p - 10 - 19 + 5 + 7 - 12. Let m(a) = 3*n(a) - 5*s(a). What is m(9)?
-3
Let y(a) = -13 - 2*a + 2 + 13 - 11 + 3*a - 2*a**2. Determine y(4).
-37
Let z = -5127 + 5146. Let w(u) = -18*u + 338. Calculate w(z).
-4
Suppose -509*r - 90 = -524*r. Let w(x) = 2*x**2 - 8*x - 3. What is w(r)?
21
Let z(h) = 4*h**2 + 1. Suppose -49*i = -44*i - 25. Let d(j) = -j**3 + 8*j**2 - 6*j + 1. Let k be d(7). Suppose k = 3*n + i. Calculate z(n).
5
Let d(p) = 3*p + 3. Let x(o) = 4*o + 4. Let u(t) = 3*d(t) - 2*x(t). Let z = -449 + 455. Give u(z).
7
Let i(n) = -n**2 + n + 1. Let o(z) = 11*z**2 - 6*z - 5. Let m(w) = 6*i(w) + o(w). Suppose 0 = 102*b - 111*b - 9. Determine m(b).
6
Let s(c) = c**3 - c**2 + c - 1. Let a(x) = 2*x**3 - 18*x**2 - 14*x - 39. Let b(i) = a(i) - 3*s(i). Let u be b(-14). Let j(l) = -3*l - 7. Determine j(u).
-25
Let n(c) = 5*c. Let k(o) = -o**2 + 4*o - 46. Let u(g) = -k(g) - 2*n(g). Give u(10).
6
Let i(v) be the third derivative of v**4/24 - 13*v**3/6 + 693*v**2 + 1. Let l be 4/(-6)*(-1 - -13). Let h(j) = -j**2 - 8*j + 6. Let d be h(l). Give i(d).
-7
Let q(h) be the first derivative of -5*h**4/24 - h**3/6 - 39*h**2 - 2. Let p(o) be the second derivative of q(o). Calculate p(8).
-41
Suppose 10*g + 3870 = 29*g + 71*g. Let c(w) be the first derivative of 1/2*w**2 + 3*w - g. Determine c(7).
10
Let a(t) = t**2 - 6*t. Suppose -1463 = -3*r + 4*u + 30, -2*r + 3*u + 996 = 0. Suppose 9*g + 0*g + r = 0. Let j = 59 + g. What is a(j)?
-8
Let m(h) = -20*h - 270 - 17*h + 256 + 13*h. What is m(-2)?
34
Let k(n) = -3*n**3 - 15*n**2 - 22*n + 6. Let t(a) = -4*a**3 - 21*a**2 - 32*a + 9. Let o(p) = 7*k(p) - 5*t(p). Calculate o(-3).
6
Let s be (-2)/3 + 28/6. Suppose 24*z - 90 = 9*z. Let g(p) = -p**3 + s - 5*p + z - 4 - 2 + 6*p**2. What is g(5)?
4
Let k(v) = -v**2 - 23*v + 30. Let j be k(-24). Let x(p) = p**2 - 16*p + 67. Give x(j).
7
Let p be (-5)/20*(4 + -16). Let c(t) = t**3 - 2*t**p + 5 + t + 2*t + 317*t**2 - 311*t**2. Give c(6).
23
Let q(x) = x**2 + x + 1. Let a be 2 - (-18)/(-8) - 1375/20. Let s = 75 + a. Suppose 0 = 3*p + 15 - s. Give q(p).
7
Let h(k) be the first derivative of -94 - 13/2*k**2 + 1/4*k**4 + 8/3*k**3 - 13*k. Give h(-9).
23
Suppose 5*k + 3*f = 5 - 2, -2*f - 8 = 0. Let m(w) be the first derivative of -w**3/3 + 2*w + 641. Determine m(k).
-7
Suppose 211 = -54*s - 167. Let l(b) = -b**2 - 10*b - 9. Calculate l(s).
12
Let c(a) = -3*a - 44. Let n be c(-14). Let t be -2*n/(-30) - 17/(-15). Let o(k) = -4*k. Determine o(t).
-4
Let v(u) = u**3 + 11*u**2 - 19*u - 5. Let j(s) = -s**3 - 6*s**2 + 9*s + 2. Let z(y) = -5*j(y) - 2*v(y). Let c be z(1). Let a(f) = -8*f - 4. Give a(c).
-36
Suppose 3*o + 240 = -213. Let g = 147 + o. Let r(u) = 5*u**2 + 2*u + 2. Let q(y) = 11*y**2 + 5*y + 5. Let c(j) = -6*q(j) + 13*r(j). Give c(g).
-4
Suppose -30*d - 8 = -32*d. Let m(w) = -23*w**2 + 3*w + 4. Let f(z) = z**2 + z + 1. Let j(o) = d*f(o) - m(o). Determine j(-1).
26
Let w(k) = -k**2 - 41*k - 271. Let x(s) = 3*s**2 + 8*s - 84. Let t be x(3). What is w(t)?
-7
Let v(b) = b**3 - 2*b**2 - b - 2. Let q be 5*2/4*(-84)/(-35). Let x be -3*((-2)/4)/(q/8). Calculate v(x).
-4
Let l(a) be the second derivative of a**6/720 + a**5/5 + 23*a**4/12 - 2*a**2 + 8*a - 3. Let v(n) be the third derivative of l(n). Determine v(-17).
7
Let o(c) = -c**3 - 10*c**2 - 11*c + 7. Suppose -8 = -4*z, -4*z + 3 = -i - 8. Let x be ((-39)/52 + i/4)*6. Calculate o(x).
25
Let s(d) = -5*d**2 + 9*d. Let f be s(1). Let b be (f/1 - 2)*-2 + 9. Let h(u) be the first derivative of 2*u**2 - 7*u - 3. What is h(b)?
13
Let i = -255 + 444. Let g = 186 - i. Let m(u) = -2*u**2 - u**3 + 4 - 2*u**2 - 2*u + u. What is m(g)?
-2
Let u(y) = 2*y**2 - 8*y + 6. Let c(o) = -o**2 - 6*o + 2. Let a be c(-6). Suppose -5 = -k + 3*t, a*t = -k - 3*k + 20. Calculate u(k).
16
Let f(l) = l**2 - 4*l - 3. Suppose -4*w - 18 = -a, -15 = -2*a - 2*w + 41. Let d(x) = -x**2 + 27*x - 21. Let q be d(a). What is f(q)?
2
Let g(u) = -u**2 + 3*u - 2. Let l = 468 + -422. Suppose 6*v = -22 + l. What is g(v)?
-6
Let d(i) = 2*i**2 + i + 2. Suppose -4*a = 4*h - 1 - 11, -3*a = -4*h + 47. Let c(l) = -l**3 + 9*l**2 - 11*l + 26. Let w be c(h). Calculate d(w).
12
Suppose -14*v + 7*v + 56 = 0. 